{"id":256827,"date":"2024-09-23T13:25:19","date_gmt":"2024-09-23T11:25:19","guid":{"rendered":"https:\/\/nueva.ledsolintel.com\/product\/faro-barcelona-lampara-colgante-led-studio-l-e27\/"},"modified":"2025-10-22T12:26:37","modified_gmt":"2025-10-22T10:26:37","slug":"faro-barcelona-lampara-colgante-led-studio-l-e27","status":"publish","type":"product","link":"https:\/\/ledsolintel.com\/fr\/produit-2\/faro-barcelona-lampara-colgante-led-studio-l-e27\/","title":{"rendered":"FARO BARCELONA lampe suspendue LED STUDIO L E27"},"content":{"rendered":"<ul>\n<li>Potencia (max): 18 W<\/li>\n<li>Tension : 100-240 V, 50-60 Hz<\/li>\n<li>C\u00e2ble : 2000 mm<\/li>\n<li>Mat\u00e9riau : acier<\/li>\n<li>Base : E27<\/li>\n<li>Ampoule non incluse<\/li>\n<li>Protection IP20<\/li>\n<\/ul>","protected":false},"excerpt":{"rendered":"<p style=\"text-align: left;\">L\u00e1mpara colgante LED STUDIO L de Faro Barcelona. Dise\u00f1o retro estilo a\u00f1os 50. Iluminaci\u00f3n decorativa para el hogar, hosteler\u00eda y oficinas.<\/p>","protected":false},"featured_media":256822,"template":"","meta":[],"product_brand":[99359],"product_cat":[99573,99883,99679],"product_tag":[],"class_list":{"0":"post-256827","1":"product","2":"type-product","3":"status-publish","4":"has-post-thumbnail","6":"product_brand-faro-barcelona","7":"product_cat-iluminacion-interior","8":"product_cat-apliques-y-lamparas-de-techo","9":"product_cat-lamparas-de-techo","10":"pa_acabado-azul","11":"pa_acabado-blanco","12":"pa_acabado-negro","13":"pa_acabado-rosa","14":"pa_acabado-verde","17":"instock","18":"featured","19":"taxable","20":"shipping-taxable","21":"purchasable","22":"product-type-variable","23":"has-default-attributes"},"yoast_head":"<!-- This site is optimized with the Yoast SEO plugin v27.4 - https:\/\/yoast.com\/product\/yoast-seo-wordpress\/ -->\n<title>FARO BARCELONA l\u00e1mpara colgante LED STUDIO L E27<\/title>\n<meta name=\"description\" content=\"L\u00e1mpara colgante LED STUDIO L de Faro Barcelona. Dise\u00f1o retro estilo a\u00f1os 50. Iluminaci\u00f3n decorativa para el hogar, hosteler\u00eda y oficinas.\" \/>\n<meta name=\"robots\" content=\"index, follow, max-snippet:-1, max-image-preview:large, max-video-preview:-1\" \/>\n<link rel=\"canonical\" href=\"https:\/\/ledsolintel.com\/fr\/produit-2\/faro-barcelona-lampara-colgante-led-studio-l-e27\/\" \/>\n<meta property=\"og:locale\" content=\"fr_FR\" \/>\n<meta property=\"og:type\" content=\"article\" \/>\n<meta property=\"og:title\" content=\"FARO BARCELONA l\u00e1mpara colgante LED STUDIO L E27\" \/>\n<meta property=\"og:description\" content=\"L\u00e1mpara colgante LED STUDIO L de Faro Barcelona. Dise\u00f1o retro estilo a\u00f1os 50. Iluminaci\u00f3n decorativa para el hogar, hosteler\u00eda y oficinas.\" \/>\n<meta property=\"og:url\" content=\"https:\/\/ledsolintel.com\/fr\/produit-2\/faro-barcelona-lampara-colgante-led-studio-l-e27\/\" \/>\n<meta property=\"og:site_name\" content=\"Ledsolintel\" \/>\n<meta property=\"article:publisher\" content=\"http:\/\/www.facebook.com\/webmenaje\" \/>\n<meta property=\"article:modified_time\" content=\"2025-10-22T10:26:37+00:00\" \/>\n<meta property=\"og:image\" content=\"https:\/\/ledsolintel.com\/wp-content\/uploads\/2024\/09\/31696-FARO-BARCELONA-lampara-colgante-LED-STUDIO-L-E27.jpg\" \/>\n\t<meta property=\"og:image:width\" content=\"1\" \/>\n\t<meta property=\"og:image:height\" content=\"1\" \/>\n\t<meta property=\"og:image:type\" content=\"image\/jpeg\" \/>\n<meta name=\"twitter:card\" content=\"summary_large_image\" \/>\n<meta name=\"twitter:site\" content=\"@webmenaje\" \/>\n<script type=\"application\/ld+json\" class=\"yoast-schema-graph\">{\"@context\":\"https:\\\/\\\/schema.org\",\"@graph\":[{\"@type\":\"WebPage\",\"@id\":\"https:\\\/\\\/ledsolintel.com\\\/product\\\/faro-barcelona-lampara-colgante-led-studio-l-e27\\\/\",\"url\":\"https:\\\/\\\/ledsolintel.com\\\/product\\\/faro-barcelona-lampara-colgante-led-studio-l-e27\\\/\",\"name\":\"FARO BARCELONA l\u00e1mpara colgante LED STUDIO L E27\",\"isPartOf\":{\"@id\":\"https:\\\/\\\/ledsolintel.com\\\/#website\"},\"primaryImageOfPage\":{\"@id\":\"https:\\\/\\\/ledsolintel.com\\\/product\\\/faro-barcelona-lampara-colgante-led-studio-l-e27\\\/#primaryimage\"},\"image\":{\"@id\":\"https:\\\/\\\/ledsolintel.com\\\/product\\\/faro-barcelona-lampara-colgante-led-studio-l-e27\\\/#primaryimage\"},\"thumbnailUrl\":\"https:\\\/\\\/ledsolintel.com\\\/wp-content\\\/uploads\\\/2024\\\/09\\\/31696-FARO-BARCELONA-lampara-colgante-LED-STUDIO-L-E27.jpg\",\"datePublished\":\"2024-09-23T11:25:19+00:00\",\"dateModified\":\"2025-10-22T10:26:37+00:00\",\"description\":\"L\u00e1mpara colgante LED STUDIO L de Faro Barcelona. Dise\u00f1o retro estilo a\u00f1os 50. Iluminaci\u00f3n decorativa para el hogar, hosteler\u00eda y oficinas.\",\"breadcrumb\":{\"@id\":\"https:\\\/\\\/ledsolintel.com\\\/product\\\/faro-barcelona-lampara-colgante-led-studio-l-e27\\\/#breadcrumb\"},\"inLanguage\":\"fr-FR\",\"potentialAction\":[{\"@type\":\"ReadAction\",\"target\":[\"https:\\\/\\\/ledsolintel.com\\\/product\\\/faro-barcelona-lampara-colgante-led-studio-l-e27\\\/\"]}]},{\"@type\":\"ImageObject\",\"inLanguage\":\"fr-FR\",\"@id\":\"https:\\\/\\\/ledsolintel.com\\\/product\\\/faro-barcelona-lampara-colgante-led-studio-l-e27\\\/#primaryimage\",\"url\":\"https:\\\/\\\/ledsolintel.com\\\/wp-content\\\/uploads\\\/2024\\\/09\\\/31696-FARO-BARCELONA-lampara-colgante-LED-STUDIO-L-E27.jpg\",\"contentUrl\":\"https:\\\/\\\/ledsolintel.com\\\/wp-content\\\/uploads\\\/2024\\\/09\\\/31696-FARO-BARCELONA-lampara-colgante-LED-STUDIO-L-E27.jpg\",\"caption\":\"FARO BARCELONA l\u00e1mpara colgante LED STUDIO L E27\"},{\"@type\":\"BreadcrumbList\",\"@id\":\"https:\\\/\\\/ledsolintel.com\\\/product\\\/faro-barcelona-lampara-colgante-led-studio-l-e27\\\/#breadcrumb\",\"itemListElement\":[{\"@type\":\"ListItem\",\"position\":1,\"name\":\"Portada\",\"item\":\"https:\\\/\\\/ledsolintel.com\\\/fr\\\/\"},{\"@type\":\"ListItem\",\"position\":2,\"name\":\"Tienda\",\"item\":\"https:\\\/\\\/ledsolintel.com\\\/tienda\\\/\"},{\"@type\":\"ListItem\",\"position\":3,\"name\":\"FARO BARCELONA l\u00e1mpara colgante LED STUDIO L E27\"}]},{\"@type\":\"WebSite\",\"@id\":\"https:\\\/\\\/ledsolintel.com\\\/#website\",\"url\":\"https:\\\/\\\/ledsolintel.com\\\/\",\"name\":\"Webmenaje\",\"description\":\"Tienda de bombillas y l\u00e1mparas LED para profesionales\",\"publisher\":{\"@id\":\"https:\\\/\\\/ledsolintel.com\\\/#organization\"},\"potentialAction\":[{\"@type\":\"SearchAction\",\"target\":{\"@type\":\"EntryPoint\",\"urlTemplate\":\"https:\\\/\\\/ledsolintel.com\\\/?s={search_term_string}\"},\"query-input\":{\"@type\":\"PropertyValueSpecification\",\"valueRequired\":true,\"valueName\":\"search_term_string\"}}],\"inLanguage\":\"fr-FR\"},{\"@type\":\"Organization\",\"@id\":\"https:\\\/\\\/ledsolintel.com\\\/#organization\",\"name\":\"Solintel Noroeste, S.L.\",\"url\":\"https:\\\/\\\/ledsolintel.com\\\/\",\"logo\":{\"@type\":\"ImageObject\",\"inLanguage\":\"fr-FR\",\"@id\":\"https:\\\/\\\/ledsolintel.com\\\/#\\\/schema\\\/logo\\\/image\\\/\",\"url\":\"https:\\\/\\\/ledsolintel.com\\\/wp-content\\\/uploads\\\/2024\\\/11\\\/webmenaje-logo-1508269066.jpg\",\"contentUrl\":\"https:\\\/\\\/ledsolintel.com\\\/wp-content\\\/uploads\\\/2024\\\/11\\\/webmenaje-logo-1508269066.jpg\",\"width\":370,\"height\":90,\"caption\":\"Solintel Noroeste, S.L.\"},\"image\":{\"@id\":\"https:\\\/\\\/ledsolintel.com\\\/#\\\/schema\\\/logo\\\/image\\\/\"},\"sameAs\":[\"http:\\\/\\\/www.facebook.com\\\/webmenaje\",\"https:\\\/\\\/x.com\\\/webmenaje\",\"https:\\\/\\\/www.youtube.com\\\/channel\\\/UCX2KoVoeCG4LocZjUc6LmSQ\",\"http:\\\/\\\/www.pinterest.com\\\/webmenaje\"]}]}<\/script>\n<!-- \/ Yoast SEO plugin. -->","yoast_head_json":{"title":"FARO BARCELONA lampe suspendue LED STUDIO L E27","description":"L\u00e1mpara colgante LED STUDIO L de Faro Barcelona. Dise\u00f1o retro estilo a\u00f1os 50. Iluminaci\u00f3n decorativa para el hogar, hosteler\u00eda y oficinas.","robots":{"index":"index","follow":"follow","max-snippet":"max-snippet:-1","max-image-preview":"max-image-preview:large","max-video-preview":"max-video-preview:-1"},"canonical":"https:\/\/ledsolintel.com\/fr\/produit-2\/faro-barcelona-lampara-colgante-led-studio-l-e27\/","og_locale":"fr_FR","og_type":"article","og_title":"FARO BARCELONA l\u00e1mpara colgante LED STUDIO L E27","og_description":"L\u00e1mpara colgante LED STUDIO L de Faro Barcelona. Dise\u00f1o retro estilo a\u00f1os 50. Iluminaci\u00f3n decorativa para el hogar, hosteler\u00eda y oficinas.","og_url":"https:\/\/ledsolintel.com\/fr\/produit-2\/faro-barcelona-lampara-colgante-led-studio-l-e27\/","og_site_name":"Ledsolintel","article_publisher":"http:\/\/www.facebook.com\/webmenaje","article_modified_time":"2025-10-22T10:26:37+00:00","og_image":[{"url":"https:\/\/ledsolintel.com\/wp-content\/uploads\/2024\/09\/31696-FARO-BARCELONA-lampara-colgante-LED-STUDIO-L-E27.jpg","width":1,"height":1,"type":"image\/jpeg"}],"twitter_card":"summary_large_image","twitter_site":"@webmenaje","schema":{"@context":"https:\/\/schema.org","@graph":[{"@type":"WebPage","@id":"https:\/\/ledsolintel.com\/product\/faro-barcelona-lampara-colgante-led-studio-l-e27\/","url":"https:\/\/ledsolintel.com\/product\/faro-barcelona-lampara-colgante-led-studio-l-e27\/","name":"FARO BARCELONA lampe suspendue LED STUDIO L E27","isPartOf":{"@id":"https:\/\/ledsolintel.com\/#website"},"primaryImageOfPage":{"@id":"https:\/\/ledsolintel.com\/product\/faro-barcelona-lampara-colgante-led-studio-l-e27\/#primaryimage"},"image":{"@id":"https:\/\/ledsolintel.com\/product\/faro-barcelona-lampara-colgante-led-studio-l-e27\/#primaryimage"},"thumbnailUrl":"https:\/\/ledsolintel.com\/wp-content\/uploads\/2024\/09\/31696-FARO-BARCELONA-lampara-colgante-LED-STUDIO-L-E27.jpg","datePublished":"2024-09-23T11:25:19+00:00","dateModified":"2025-10-22T10:26:37+00:00","description":"L\u00e1mpara colgante LED STUDIO L de Faro Barcelona. Dise\u00f1o retro estilo a\u00f1os 50. Iluminaci\u00f3n decorativa para el hogar, hosteler\u00eda y oficinas.","breadcrumb":{"@id":"https:\/\/ledsolintel.com\/product\/faro-barcelona-lampara-colgante-led-studio-l-e27\/#breadcrumb"},"inLanguage":"fr-FR","potentialAction":[{"@type":"ReadAction","target":["https:\/\/ledsolintel.com\/product\/faro-barcelona-lampara-colgante-led-studio-l-e27\/"]}]},{"@type":"ImageObject","inLanguage":"fr-FR","@id":"https:\/\/ledsolintel.com\/product\/faro-barcelona-lampara-colgante-led-studio-l-e27\/#primaryimage","url":"https:\/\/ledsolintel.com\/wp-content\/uploads\/2024\/09\/31696-FARO-BARCELONA-lampara-colgante-LED-STUDIO-L-E27.jpg","contentUrl":"https:\/\/ledsolintel.com\/wp-content\/uploads\/2024\/09\/31696-FARO-BARCELONA-lampara-colgante-LED-STUDIO-L-E27.jpg","caption":"FARO BARCELONA l\u00e1mpara colgante LED STUDIO L E27"},{"@type":"BreadcrumbList","@id":"https:\/\/ledsolintel.com\/product\/faro-barcelona-lampara-colgante-led-studio-l-e27\/#breadcrumb","itemListElement":[{"@type":"ListItem","position":1,"name":"Portada","item":"https:\/\/ledsolintel.com\/fr\/"},{"@type":"ListItem","position":2,"name":"Tienda","item":"https:\/\/ledsolintel.com\/tienda\/"},{"@type":"ListItem","position":3,"name":"FARO BARCELONA l\u00e1mpara colgante LED STUDIO L E27"}]},{"@type":"WebSite","@id":"https:\/\/ledsolintel.com\/#website","url":"https:\/\/ledsolintel.com\/","name":"Webmenaje","description":"Magasin d'ampoules et de lampes LED pour les professionnels","publisher":{"@id":"https:\/\/ledsolintel.com\/#organization"},"potentialAction":[{"@type":"SearchAction","target":{"@type":"EntryPoint","urlTemplate":"https:\/\/ledsolintel.com\/?s={search_term_string}"},"query-input":{"@type":"PropertyValueSpecification","valueRequired":true,"valueName":"search_term_string"}}],"inLanguage":"fr-FR"},{"@type":"Organization","@id":"https:\/\/ledsolintel.com\/#organization","name":"Solintel Noroeste, S.L.","url":"https:\/\/ledsolintel.com\/","logo":{"@type":"ImageObject","inLanguage":"fr-FR","@id":"https:\/\/ledsolintel.com\/#\/schema\/logo\/image\/","url":"https:\/\/ledsolintel.com\/wp-content\/uploads\/2024\/11\/webmenaje-logo-1508269066.jpg","contentUrl":"https:\/\/ledsolintel.com\/wp-content\/uploads\/2024\/11\/webmenaje-logo-1508269066.jpg","width":370,"height":90,"caption":"Solintel Noroeste, S.L."},"image":{"@id":"https:\/\/ledsolintel.com\/#\/schema\/logo\/image\/"},"sameAs":["http:\/\/www.facebook.com\/webmenaje","https:\/\/x.com\/webmenaje","https:\/\/www.youtube.com\/channel\/UCX2KoVoeCG4LocZjUc6LmSQ","http:\/\/www.pinterest.com\/webmenaje"]}]}},"_links":{"self":[{"href":"https:\/\/ledsolintel.com\/fr\/wp-json\/wp\/v2\/product\/256827","targetHints":{"allow":["GET"]}}],"collection":[{"href":"https:\/\/ledsolintel.com\/fr\/wp-json\/wp\/v2\/product"}],"about":[{"href":"https:\/\/ledsolintel.com\/fr\/wp-json\/wp\/v2\/types\/product"}],"version-history":[{"count":0,"href":"https:\/\/ledsolintel.com\/fr\/wp-json\/wp\/v2\/product\/256827\/revisions"}],"wp:featuredmedia":[{"embeddable":true,"href":"https:\/\/ledsolintel.com\/fr\/wp-json\/wp\/v2\/media\/256822"}],"wp:attachment":[{"href":"https:\/\/ledsolintel.com\/fr\/wp-json\/wp\/v2\/media?parent=256827"}],"wp:term":[{"taxonomy":"product_brand","embeddable":true,"href":"https:\/\/ledsolintel.com\/fr\/wp-json\/wp\/v2\/product_brand?post=256827"},{"taxonomy":"product_cat","embeddable":true,"href":"https:\/\/ledsolintel.com\/fr\/wp-json\/wp\/v2\/product_cat?post=256827"},{"taxonomy":"product_tag","embeddable":true,"href":"https:\/\/ledsolintel.com\/fr\/wp-json\/wp\/v2\/product_tag?post=256827"}],"curies":[{"name":"wp","href":"https:\/\/api.w.org\/{rel}","templated":true}]}}

<ul>
<li>Potencia (max): 18 W</li>
<li>Tension : 100-240 V, 50-60 Hz</li>
<li>Câble : 2000 mm</li>
<li>Matériau : acier</li>
<li>Base : E27</li>
<li>Ampoule non incluse</li>
<li>Protection IP20</li>
</ul>

<p style="text-align: left;">Lámpara colgante LED STUDIO L de Faro Barcelona. Diseño retro estilo años 50. Iluminación decorativa para el hogar, hostelería y oficinas.</p>

<!-- This site is optimized with the Yoast SEO plugin v27.4 - https://yoast.com/product/yoast-seo-wordpress/ -->
<title>FARO BARCELONA lámpara colgante LED STUDIO L E27</title>
<meta name="description" content="Lámpara colgante LED STUDIO L de Faro Barcelona. Diseño retro estilo años 50. Iluminación decorativa para el hogar, hostelería y oficinas." />
<meta name="robots" content="index, follow, max-snippet:-1, max-image-preview:large, max-video-preview:-1" />
<link rel="canonical" href="https://ledsolintel.com/fr/produit-2/faro-barcelona-lampara-colgante-led-studio-l-e27/" />
<meta property="og:locale" content="fr_FR" />
<meta property="og:type" content="article" />
<meta property="og:title" content="FARO BARCELONA lámpara colgante LED STUDIO L E27" />
<meta property="og:description" content="Lámpara colgante LED STUDIO L de Faro Barcelona. Diseño retro estilo años 50. Iluminación decorativa para el hogar, hostelería y oficinas." />
<meta property="og:url" content="https://ledsolintel.com/fr/produit-2/faro-barcelona-lampara-colgante-led-studio-l-e27/" />
<meta property="og:site_name" content="Ledsolintel" />
<meta property="article:publisher" content="http://www.facebook.com/webmenaje" />
<meta property="article:modified_time" content="2025-10-22T10:26:37+00:00" />
<meta property="og:image" content="https://ledsolintel.com/wp-content/uploads/2024/09/31696-FARO-BARCELONA-lampara-colgante-LED-STUDIO-L-E27.jpg" />
	<meta property="og:image:width" content="1" />
	<meta property="og:image:height" content="1" />
	<meta property="og:image:type" content="image/jpeg" />
<meta name="twitter:card" content="summary_large_image" />
<meta name="twitter:site" content="@webmenaje" />
<script type="application/ld+json" class="yoast-schema-graph">{"@context":"https:\/\/schema.org","@graph":[{"@type":"WebPage","@id":"https:\/\/ledsolintel.com\/product\/faro-barcelona-lampara-colgante-led-studio-l-e27\/","url":"https:\/\/ledsolintel.com\/product\/faro-barcelona-lampara-colgante-led-studio-l-e27\/","name":"FARO BARCELONA lámpara colgante LED STUDIO L E27","isPartOf":{"@id":"https:\/\/ledsolintel.com\/#website"},"primaryImageOfPage":{"@id":"https:\/\/ledsolintel.com\/product\/faro-barcelona-lampara-colgante-led-studio-l-e27\/#primaryimage"},"image":{"@id":"https:\/\/ledsolintel.com\/product\/faro-barcelona-lampara-colgante-led-studio-l-e27\/#primaryimage"},"thumbnailUrl":"https:\/\/ledsolintel.com\/wp-content\/uploads\/2024\/09\/31696-FARO-BARCELONA-lampara-colgante-LED-STUDIO-L-E27.jpg","datePublished":"2024-09-23T11:25:19+00:00","dateModified":"2025-10-22T10:26:37+00:00","description":"Lámpara colgante LED STUDIO L de Faro Barcelona. Diseño retro estilo años 50. Iluminación decorativa para el hogar, hostelería y oficinas.","breadcrumb":{"@id":"https:\/\/ledsolintel.com\/product\/faro-barcelona-lampara-colgante-led-studio-l-e27\/#breadcrumb"},"inLanguage":"fr-FR","potentialAction":[{"@type":"ReadAction","target":["https:\/\/ledsolintel.com\/product\/faro-barcelona-lampara-colgante-led-studio-l-e27\/"]}]},{"@type":"ImageObject","inLanguage":"fr-FR","@id":"https:\/\/ledsolintel.com\/product\/faro-barcelona-lampara-colgante-led-studio-l-e27\/#primaryimage","url":"https:\/\/ledsolintel.com\/wp-content\/uploads\/2024\/09\/31696-FARO-BARCELONA-lampara-colgante-LED-STUDIO-L-E27.jpg","contentUrl":"https:\/\/ledsolintel.com\/wp-content\/uploads\/2024\/09\/31696-FARO-BARCELONA-lampara-colgante-LED-STUDIO-L-E27.jpg","caption":"FARO BARCELONA lámpara colgante LED STUDIO L E27"},{"@type":"BreadcrumbList","@id":"https:\/\/ledsolintel.com\/product\/faro-barcelona-lampara-colgante-led-studio-l-e27\/#breadcrumb","itemListElement":[{"@type":"ListItem","position":1,"name":"Portada","item":"https:\/\/ledsolintel.com\/fr\/"},{"@type":"ListItem","position":2,"name":"Tienda","item":"https:\/\/ledsolintel.com\/tienda\/"},{"@type":"ListItem","position":3,"name":"FARO BARCELONA lámpara colgante LED STUDIO L E27"}]},{"@type":"WebSite","@id":"https:\/\/ledsolintel.com\/#website","url":"https:\/\/ledsolintel.com\/","name":"Webmenaje","description":"Tienda de bombillas y lámparas LED para profesionales","publisher":{"@id":"https:\/\/ledsolintel.com\/#organization"},"potentialAction":[{"@type":"SearchAction","target":{"@type":"EntryPoint","urlTemplate":"https:\/\/ledsolintel.com\/?s={search_term_string}"},"query-input":{"@type":"PropertyValueSpecification","valueRequired":true,"valueName":"search_term_string"}}],"inLanguage":"fr-FR"},{"@type":"Organization","@id":"https:\/\/ledsolintel.com\/#organization","name":"Solintel Noroeste, S.L.","url":"https:\/\/ledsolintel.com\/","logo":{"@type":"ImageObject","inLanguage":"fr-FR","@id":"https:\/\/ledsolintel.com\/#\/schema\/logo\/image\/","url":"https:\/\/ledsolintel.com\/wp-content\/uploads\/2024\/11\/webmenaje-logo-1508269066.jpg","contentUrl":"https:\/\/ledsolintel.com\/wp-content\/uploads\/2024\/11\/webmenaje-logo-1508269066.jpg","width":370,"height":90,"caption":"Solintel Noroeste, S.L."},"image":{"@id":"https:\/\/ledsolintel.com\/#\/schema\/logo\/image\/"},"sameAs":["http:\/\/www.facebook.com\/webmenaje","https:\/\/x.com\/webmenaje","https:\/\/www.youtube.com\/channel\/UCX2KoVoeCG4LocZjUc6LmSQ","http:\/\/www.pinterest.com\/webmenaje"]}]}</script>
<!-- / Yoast SEO plugin. -->

Lámpara colgante LED STUDIO L de Faro Barcelona. Diseño retro estilo años 50. Iluminación decorativa para el hogar, hostelería y oficinas.

FARO BARCELONA lámpara colgante LED STUDIO L E27
