{"id":242054,"date":"2018-06-12T18:58:10","date_gmt":"2018-06-12T16:58:10","guid":{"rendered":"https:\/\/nueva.ledsolintel.com\/product\/aplique-beam-con-cargador-usb-de-beneito-faure\/"},"modified":"2018-06-12T18:58:10","modified_gmt":"2018-06-12T16:58:10","slug":"aplique-beam-con-cargador-usb-de-beneito-faure","status":"publish","type":"product","link":"https:\/\/ledsolintel.com\/fr\/produit-2\/aplique-beam-con-cargador-usb-de-beneito-faure\/","title":{"rendered":"BENEITO FAURE lampe murale de lecture LED BEAM 5W USB-C dimmable"},"content":{"rendered":"<ul>\n<li>Puissance : 5 W<\/li>\n<li>Tension : 220-240 V \/ 50-60 Hz<\/li>\n<li>Luminance : 380\/190\/95 lm (dimmable)<\/li>\n<li>Optique : 40<\/li>\n<li>CCT : 2700 K<\/li>\n<li>Facteur de puissance &gt; 0,9<\/li>\n<li>Dur\u00e9e de vie : 30 000 heures<\/li>\n<li>IRC &gt; 90<\/li>\n<li>Protection IP20<\/li>\n<\/ul>","protected":false},"excerpt":{"rendered":"<p>Applique Beam de Beneito Faure. Son design g\u00e9om\u00e9trique inclut un chargeur USB pour t\u00e9l\u00e9phones et tablettes et lui permet de faire office d'\u00e9tag\u00e8re. Parfaite pour la maison et les chambres d'h\u00f4tel.\u00a0<\/p>\n<p>Elle dispose d'un syst\u00e8me de gradation \u00e0 trois positions.<\/p>","protected":false},"featured_media":242050,"template":"","meta":[],"product_brand":[99357],"product_cat":[99573,99591,99887,99659,99593],"product_tag":[],"class_list":{"0":"post-242054","1":"product","2":"type-product","3":"status-publish","4":"has-post-thumbnail","6":"product_brand-beneito-faure","7":"product_cat-iluminacion-interior","8":"product_cat-lamparas-con-cargador","9":"product_cat-lamparas-de-lectura","10":"product_cat-lamparas-de-pared","11":"product_cat-lamparas-dimmables","12":"pa_cct-blanco","13":"pa_cct-negro","16":"instock","17":"taxable","18":"shipping-taxable","19":"purchasable","20":"product-type-variable","21":"has-default-attributes"},"yoast_head":"<!-- This site is optimized with the Yoast SEO plugin v27.4 - https:\/\/yoast.com\/product\/yoast-seo-wordpress\/ -->\n<title>Aplique BEAM con cargador USB de Beneito Faure<\/title>\n<meta name=\"description\" content=\"Aplique Noa de Beneito Faure. Cargador USB para tel\u00e9fonos y tablets. Funciona como repisa. Perfecto para habitaciones de hogares y hoteles.\" \/>\n<meta name=\"robots\" content=\"index, follow, max-snippet:-1, max-image-preview:large, max-video-preview:-1\" \/>\n<link rel=\"canonical\" href=\"https:\/\/ledsolintel.com\/fr\/produit-2\/aplique-beam-con-cargador-usb-de-beneito-faure\/\" \/>\n<meta property=\"og:locale\" content=\"fr_FR\" \/>\n<meta property=\"og:type\" content=\"article\" \/>\n<meta property=\"og:title\" content=\"Aplique BEAM con cargador USB de Beneito Faure\" \/>\n<meta property=\"og:description\" content=\"Aplique Noa de Beneito Faure. Cargador USB para tel\u00e9fonos y tablets. Funciona como repisa. Perfecto para habitaciones de hogares y hoteles.\" \/>\n<meta property=\"og:url\" content=\"https:\/\/ledsolintel.com\/fr\/produit-2\/aplique-beam-con-cargador-usb-de-beneito-faure\/\" \/>\n<meta property=\"og:site_name\" content=\"Ledsolintel\" \/>\n<meta property=\"article:publisher\" content=\"http:\/\/www.facebook.com\/webmenaje\" \/>\n<meta property=\"og:image\" content=\"https:\/\/ledsolintel.com\/wp-content\/uploads\/2018\/06\/8916-Aplique-BEAM-con-cargador-USB-de-Beneito-Faure.jpg\" \/>\n\t<meta property=\"og:image:width\" content=\"1\" \/>\n\t<meta property=\"og:image:height\" content=\"1\" \/>\n\t<meta property=\"og:image:type\" content=\"image\/jpeg\" \/>\n<meta name=\"twitter:card\" content=\"summary_large_image\" \/>\n<meta name=\"twitter:site\" content=\"@webmenaje\" \/>\n<script type=\"application\/ld+json\" class=\"yoast-schema-graph\">{\"@context\":\"https:\\\/\\\/schema.org\",\"@graph\":[{\"@type\":\"WebPage\",\"@id\":\"https:\\\/\\\/ledsolintel.com\\\/product\\\/aplique-beam-con-cargador-usb-de-beneito-faure\\\/\",\"url\":\"https:\\\/\\\/ledsolintel.com\\\/product\\\/aplique-beam-con-cargador-usb-de-beneito-faure\\\/\",\"name\":\"Aplique BEAM con cargador USB de Beneito Faure\",\"isPartOf\":{\"@id\":\"https:\\\/\\\/ledsolintel.com\\\/#website\"},\"primaryImageOfPage\":{\"@id\":\"https:\\\/\\\/ledsolintel.com\\\/product\\\/aplique-beam-con-cargador-usb-de-beneito-faure\\\/#primaryimage\"},\"image\":{\"@id\":\"https:\\\/\\\/ledsolintel.com\\\/product\\\/aplique-beam-con-cargador-usb-de-beneito-faure\\\/#primaryimage\"},\"thumbnailUrl\":\"https:\\\/\\\/ledsolintel.com\\\/wp-content\\\/uploads\\\/2018\\\/06\\\/8916-Aplique-BEAM-con-cargador-USB-de-Beneito-Faure.jpg\",\"datePublished\":\"2018-06-12T16:58:10+00:00\",\"description\":\"Aplique Noa de Beneito Faure. Cargador USB para tel\u00e9fonos y tablets. Funciona como repisa. Perfecto para habitaciones de hogares y hoteles.\",\"breadcrumb\":{\"@id\":\"https:\\\/\\\/ledsolintel.com\\\/product\\\/aplique-beam-con-cargador-usb-de-beneito-faure\\\/#breadcrumb\"},\"inLanguage\":\"fr-FR\",\"potentialAction\":[{\"@type\":\"ReadAction\",\"target\":[\"https:\\\/\\\/ledsolintel.com\\\/product\\\/aplique-beam-con-cargador-usb-de-beneito-faure\\\/\"]}]},{\"@type\":\"ImageObject\",\"inLanguage\":\"fr-FR\",\"@id\":\"https:\\\/\\\/ledsolintel.com\\\/product\\\/aplique-beam-con-cargador-usb-de-beneito-faure\\\/#primaryimage\",\"url\":\"https:\\\/\\\/ledsolintel.com\\\/wp-content\\\/uploads\\\/2018\\\/06\\\/8916-Aplique-BEAM-con-cargador-USB-de-Beneito-Faure.jpg\",\"contentUrl\":\"https:\\\/\\\/ledsolintel.com\\\/wp-content\\\/uploads\\\/2018\\\/06\\\/8916-Aplique-BEAM-con-cargador-USB-de-Beneito-Faure.jpg\",\"caption\":\"Aplique BEAM con cargador USB de Beneito Faure\"},{\"@type\":\"BreadcrumbList\",\"@id\":\"https:\\\/\\\/ledsolintel.com\\\/product\\\/aplique-beam-con-cargador-usb-de-beneito-faure\\\/#breadcrumb\",\"itemListElement\":[{\"@type\":\"ListItem\",\"position\":1,\"name\":\"Portada\",\"item\":\"https:\\\/\\\/ledsolintel.com\\\/fr\\\/\"},{\"@type\":\"ListItem\",\"position\":2,\"name\":\"Tienda\",\"item\":\"https:\\\/\\\/ledsolintel.com\\\/tienda\\\/\"},{\"@type\":\"ListItem\",\"position\":3,\"name\":\"BENEITO FAURE aplique de lectura LED BEAM 5W USB-C regulable\"}]},{\"@type\":\"WebSite\",\"@id\":\"https:\\\/\\\/ledsolintel.com\\\/#website\",\"url\":\"https:\\\/\\\/ledsolintel.com\\\/\",\"name\":\"Webmenaje\",\"description\":\"Tienda de bombillas y l\u00e1mparas LED para profesionales\",\"publisher\":{\"@id\":\"https:\\\/\\\/ledsolintel.com\\\/#organization\"},\"potentialAction\":[{\"@type\":\"SearchAction\",\"target\":{\"@type\":\"EntryPoint\",\"urlTemplate\":\"https:\\\/\\\/ledsolintel.com\\\/?s={search_term_string}\"},\"query-input\":{\"@type\":\"PropertyValueSpecification\",\"valueRequired\":true,\"valueName\":\"search_term_string\"}}],\"inLanguage\":\"fr-FR\"},{\"@type\":\"Organization\",\"@id\":\"https:\\\/\\\/ledsolintel.com\\\/#organization\",\"name\":\"Solintel Noroeste, S.L.\",\"url\":\"https:\\\/\\\/ledsolintel.com\\\/\",\"logo\":{\"@type\":\"ImageObject\",\"inLanguage\":\"fr-FR\",\"@id\":\"https:\\\/\\\/ledsolintel.com\\\/#\\\/schema\\\/logo\\\/image\\\/\",\"url\":\"https:\\\/\\\/ledsolintel.com\\\/wp-content\\\/uploads\\\/2024\\\/11\\\/webmenaje-logo-1508269066.jpg\",\"contentUrl\":\"https:\\\/\\\/ledsolintel.com\\\/wp-content\\\/uploads\\\/2024\\\/11\\\/webmenaje-logo-1508269066.jpg\",\"width\":370,\"height\":90,\"caption\":\"Solintel Noroeste, S.L.\"},\"image\":{\"@id\":\"https:\\\/\\\/ledsolintel.com\\\/#\\\/schema\\\/logo\\\/image\\\/\"},\"sameAs\":[\"http:\\\/\\\/www.facebook.com\\\/webmenaje\",\"https:\\\/\\\/x.com\\\/webmenaje\",\"https:\\\/\\\/www.youtube.com\\\/channel\\\/UCX2KoVoeCG4LocZjUc6LmSQ\",\"http:\\\/\\\/www.pinterest.com\\\/webmenaje\"]}]}<\/script>\n<!-- \/ Yoast SEO plugin. -->","yoast_head_json":{"title":"Lampe murale BEAM avec chargeur USB par Beneito Faure","description":"Aplique Noa de Beneito Faure. Cargador USB para tel\u00e9fonos y tablets. Funciona como repisa. Perfecto para habitaciones de hogares y hoteles.","robots":{"index":"index","follow":"follow","max-snippet":"max-snippet:-1","max-image-preview":"max-image-preview:large","max-video-preview":"max-video-preview:-1"},"canonical":"https:\/\/ledsolintel.com\/fr\/produit-2\/aplique-beam-con-cargador-usb-de-beneito-faure\/","og_locale":"fr_FR","og_type":"article","og_title":"Aplique BEAM con cargador USB de Beneito Faure","og_description":"Aplique Noa de Beneito Faure. Cargador USB para tel\u00e9fonos y tablets. Funciona como repisa. Perfecto para habitaciones de hogares y hoteles.","og_url":"https:\/\/ledsolintel.com\/fr\/produit-2\/aplique-beam-con-cargador-usb-de-beneito-faure\/","og_site_name":"Ledsolintel","article_publisher":"http:\/\/www.facebook.com\/webmenaje","og_image":[{"url":"https:\/\/ledsolintel.com\/wp-content\/uploads\/2018\/06\/8916-Aplique-BEAM-con-cargador-USB-de-Beneito-Faure.jpg","width":1,"height":1,"type":"image\/jpeg"}],"twitter_card":"summary_large_image","twitter_site":"@webmenaje","schema":{"@context":"https:\/\/schema.org","@graph":[{"@type":"WebPage","@id":"https:\/\/ledsolintel.com\/product\/aplique-beam-con-cargador-usb-de-beneito-faure\/","url":"https:\/\/ledsolintel.com\/product\/aplique-beam-con-cargador-usb-de-beneito-faure\/","name":"Lampe murale BEAM avec chargeur USB par Beneito Faure","isPartOf":{"@id":"https:\/\/ledsolintel.com\/#website"},"primaryImageOfPage":{"@id":"https:\/\/ledsolintel.com\/product\/aplique-beam-con-cargador-usb-de-beneito-faure\/#primaryimage"},"image":{"@id":"https:\/\/ledsolintel.com\/product\/aplique-beam-con-cargador-usb-de-beneito-faure\/#primaryimage"},"thumbnailUrl":"https:\/\/ledsolintel.com\/wp-content\/uploads\/2018\/06\/8916-Aplique-BEAM-con-cargador-USB-de-Beneito-Faure.jpg","datePublished":"2018-06-12T16:58:10+00:00","description":"Aplique Noa de Beneito Faure. Cargador USB para tel\u00e9fonos y tablets. Funciona como repisa. Perfecto para habitaciones de hogares y hoteles.","breadcrumb":{"@id":"https:\/\/ledsolintel.com\/product\/aplique-beam-con-cargador-usb-de-beneito-faure\/#breadcrumb"},"inLanguage":"fr-FR","potentialAction":[{"@type":"ReadAction","target":["https:\/\/ledsolintel.com\/product\/aplique-beam-con-cargador-usb-de-beneito-faure\/"]}]},{"@type":"ImageObject","inLanguage":"fr-FR","@id":"https:\/\/ledsolintel.com\/product\/aplique-beam-con-cargador-usb-de-beneito-faure\/#primaryimage","url":"https:\/\/ledsolintel.com\/wp-content\/uploads\/2018\/06\/8916-Aplique-BEAM-con-cargador-USB-de-Beneito-Faure.jpg","contentUrl":"https:\/\/ledsolintel.com\/wp-content\/uploads\/2018\/06\/8916-Aplique-BEAM-con-cargador-USB-de-Beneito-Faure.jpg","caption":"Aplique BEAM con cargador USB de Beneito Faure"},{"@type":"BreadcrumbList","@id":"https:\/\/ledsolintel.com\/product\/aplique-beam-con-cargador-usb-de-beneito-faure\/#breadcrumb","itemListElement":[{"@type":"ListItem","position":1,"name":"Portada","item":"https:\/\/ledsolintel.com\/fr\/"},{"@type":"ListItem","position":2,"name":"Tienda","item":"https:\/\/ledsolintel.com\/tienda\/"},{"@type":"ListItem","position":3,"name":"BENEITO FAURE aplique de lectura LED BEAM 5W USB-C regulable"}]},{"@type":"WebSite","@id":"https:\/\/ledsolintel.com\/#website","url":"https:\/\/ledsolintel.com\/","name":"Webmenaje","description":"Magasin d'ampoules et de lampes LED pour les professionnels","publisher":{"@id":"https:\/\/ledsolintel.com\/#organization"},"potentialAction":[{"@type":"SearchAction","target":{"@type":"EntryPoint","urlTemplate":"https:\/\/ledsolintel.com\/?s={search_term_string}"},"query-input":{"@type":"PropertyValueSpecification","valueRequired":true,"valueName":"search_term_string"}}],"inLanguage":"fr-FR"},{"@type":"Organization","@id":"https:\/\/ledsolintel.com\/#organization","name":"Solintel Noroeste, S.L.","url":"https:\/\/ledsolintel.com\/","logo":{"@type":"ImageObject","inLanguage":"fr-FR","@id":"https:\/\/ledsolintel.com\/#\/schema\/logo\/image\/","url":"https:\/\/ledsolintel.com\/wp-content\/uploads\/2024\/11\/webmenaje-logo-1508269066.jpg","contentUrl":"https:\/\/ledsolintel.com\/wp-content\/uploads\/2024\/11\/webmenaje-logo-1508269066.jpg","width":370,"height":90,"caption":"Solintel Noroeste, S.L."},"image":{"@id":"https:\/\/ledsolintel.com\/#\/schema\/logo\/image\/"},"sameAs":["http:\/\/www.facebook.com\/webmenaje","https:\/\/x.com\/webmenaje","https:\/\/www.youtube.com\/channel\/UCX2KoVoeCG4LocZjUc6LmSQ","http:\/\/www.pinterest.com\/webmenaje"]}]}},"_links":{"self":[{"href":"https:\/\/ledsolintel.com\/fr\/wp-json\/wp\/v2\/product\/242054","targetHints":{"allow":["GET"]}}],"collection":[{"href":"https:\/\/ledsolintel.com\/fr\/wp-json\/wp\/v2\/product"}],"about":[{"href":"https:\/\/ledsolintel.com\/fr\/wp-json\/wp\/v2\/types\/product"}],"version-history":[{"count":0,"href":"https:\/\/ledsolintel.com\/fr\/wp-json\/wp\/v2\/product\/242054\/revisions"}],"wp:featuredmedia":[{"embeddable":true,"href":"https:\/\/ledsolintel.com\/fr\/wp-json\/wp\/v2\/media\/242050"}],"wp:attachment":[{"href":"https:\/\/ledsolintel.com\/fr\/wp-json\/wp\/v2\/media?parent=242054"}],"wp:term":[{"taxonomy":"product_brand","embeddable":true,"href":"https:\/\/ledsolintel.com\/fr\/wp-json\/wp\/v2\/product_brand?post=242054"},{"taxonomy":"product_cat","embeddable":true,"href":"https:\/\/ledsolintel.com\/fr\/wp-json\/wp\/v2\/product_cat?post=242054"},{"taxonomy":"product_tag","embeddable":true,"href":"https:\/\/ledsolintel.com\/fr\/wp-json\/wp\/v2\/product_tag?post=242054"}],"curies":[{"name":"wp","href":"https:\/\/api.w.org\/{rel}","templated":true}]}}

<ul>
<li>Puissance : 5 W</li>
<li>Tension : 220-240 V / 50-60 Hz</li>
<li>Luminance : 380/190/95 lm (dimmable)</li>
<li>Optique : 40</li>
<li>CCT : 2700 K</li>
<li>Facteur de puissance &gt; 0,9</li>
<li>Durée de vie : 30 000 heures</li>
<li>IRC &gt; 90</li>
<li>Protection IP20</li>
</ul>

<p>Applique Beam de Beneito Faure. Son design géométrique inclut un chargeur USB pour téléphones et tablettes et lui permet de faire office d'étagère. Parfaite pour la maison et les chambres d'hôtel. </p>
<p>Elle dispose d'un système de gradation à trois positions.</p>

<!-- This site is optimized with the Yoast SEO plugin v27.4 - https://yoast.com/product/yoast-seo-wordpress/ -->
<title>Aplique BEAM con cargador USB de Beneito Faure</title>
<meta name="description" content="Aplique Noa de Beneito Faure. Cargador USB para teléfonos y tablets. Funciona como repisa. Perfecto para habitaciones de hogares y hoteles." />
<meta name="robots" content="index, follow, max-snippet:-1, max-image-preview:large, max-video-preview:-1" />
<link rel="canonical" href="https://ledsolintel.com/fr/produit-2/aplique-beam-con-cargador-usb-de-beneito-faure/" />
<meta property="og:locale" content="fr_FR" />
<meta property="og:type" content="article" />
<meta property="og:title" content="Aplique BEAM con cargador USB de Beneito Faure" />
<meta property="og:description" content="Aplique Noa de Beneito Faure. Cargador USB para teléfonos y tablets. Funciona como repisa. Perfecto para habitaciones de hogares y hoteles." />
<meta property="og:url" content="https://ledsolintel.com/fr/produit-2/aplique-beam-con-cargador-usb-de-beneito-faure/" />
<meta property="og:site_name" content="Ledsolintel" />
<meta property="article:publisher" content="http://www.facebook.com/webmenaje" />
<meta property="og:image" content="https://ledsolintel.com/wp-content/uploads/2018/06/8916-Aplique-BEAM-con-cargador-USB-de-Beneito-Faure.jpg" />
	<meta property="og:image:width" content="1" />
	<meta property="og:image:height" content="1" />
	<meta property="og:image:type" content="image/jpeg" />
<meta name="twitter:card" content="summary_large_image" />
<meta name="twitter:site" content="@webmenaje" />
<script type="application/ld+json" class="yoast-schema-graph">{"@context":"https:\/\/schema.org","@graph":[{"@type":"WebPage","@id":"https:\/\/ledsolintel.com\/product\/aplique-beam-con-cargador-usb-de-beneito-faure\/","url":"https:\/\/ledsolintel.com\/product\/aplique-beam-con-cargador-usb-de-beneito-faure\/","name":"Aplique BEAM con cargador USB de Beneito Faure","isPartOf":{"@id":"https:\/\/ledsolintel.com\/#website"},"primaryImageOfPage":{"@id":"https:\/\/ledsolintel.com\/product\/aplique-beam-con-cargador-usb-de-beneito-faure\/#primaryimage"},"image":{"@id":"https:\/\/ledsolintel.com\/product\/aplique-beam-con-cargador-usb-de-beneito-faure\/#primaryimage"},"thumbnailUrl":"https:\/\/ledsolintel.com\/wp-content\/uploads\/2018\/06\/8916-Aplique-BEAM-con-cargador-USB-de-Beneito-Faure.jpg","datePublished":"2018-06-12T16:58:10+00:00","description":"Aplique Noa de Beneito Faure. Cargador USB para teléfonos y tablets. Funciona como repisa. Perfecto para habitaciones de hogares y hoteles.","breadcrumb":{"@id":"https:\/\/ledsolintel.com\/product\/aplique-beam-con-cargador-usb-de-beneito-faure\/#breadcrumb"},"inLanguage":"fr-FR","potentialAction":[{"@type":"ReadAction","target":["https:\/\/ledsolintel.com\/product\/aplique-beam-con-cargador-usb-de-beneito-faure\/"]}]},{"@type":"ImageObject","inLanguage":"fr-FR","@id":"https:\/\/ledsolintel.com\/product\/aplique-beam-con-cargador-usb-de-beneito-faure\/#primaryimage","url":"https:\/\/ledsolintel.com\/wp-content\/uploads\/2018\/06\/8916-Aplique-BEAM-con-cargador-USB-de-Beneito-Faure.jpg","contentUrl":"https:\/\/ledsolintel.com\/wp-content\/uploads\/2018\/06\/8916-Aplique-BEAM-con-cargador-USB-de-Beneito-Faure.jpg","caption":"Aplique BEAM con cargador USB de Beneito Faure"},{"@type":"BreadcrumbList","@id":"https:\/\/ledsolintel.com\/product\/aplique-beam-con-cargador-usb-de-beneito-faure\/#breadcrumb","itemListElement":[{"@type":"ListItem","position":1,"name":"Portada","item":"https:\/\/ledsolintel.com\/fr\/"},{"@type":"ListItem","position":2,"name":"Tienda","item":"https:\/\/ledsolintel.com\/tienda\/"},{"@type":"ListItem","position":3,"name":"BENEITO FAURE aplique de lectura LED BEAM 5W USB-C regulable"}]},{"@type":"WebSite","@id":"https:\/\/ledsolintel.com\/#website","url":"https:\/\/ledsolintel.com\/","name":"Webmenaje","description":"Tienda de bombillas y lámparas LED para profesionales","publisher":{"@id":"https:\/\/ledsolintel.com\/#organization"},"potentialAction":[{"@type":"SearchAction","target":{"@type":"EntryPoint","urlTemplate":"https:\/\/ledsolintel.com\/?s={search_term_string}"},"query-input":{"@type":"PropertyValueSpecification","valueRequired":true,"valueName":"search_term_string"}}],"inLanguage":"fr-FR"},{"@type":"Organization","@id":"https:\/\/ledsolintel.com\/#organization","name":"Solintel Noroeste, S.L.","url":"https:\/\/ledsolintel.com\/","logo":{"@type":"ImageObject","inLanguage":"fr-FR","@id":"https:\/\/ledsolintel.com\/#\/schema\/logo\/image\/","url":"https:\/\/ledsolintel.com\/wp-content\/uploads\/2024\/11\/webmenaje-logo-1508269066.jpg","contentUrl":"https:\/\/ledsolintel.com\/wp-content\/uploads\/2024\/11\/webmenaje-logo-1508269066.jpg","width":370,"height":90,"caption":"Solintel Noroeste, S.L."},"image":{"@id":"https:\/\/ledsolintel.com\/#\/schema\/logo\/image\/"},"sameAs":["http:\/\/www.facebook.com\/webmenaje","https:\/\/x.com\/webmenaje","https:\/\/www.youtube.com\/channel\/UCX2KoVoeCG4LocZjUc6LmSQ","http:\/\/www.pinterest.com\/webmenaje"]}]}</script>
<!-- / Yoast SEO plugin. -->

Aplique Noa de Beneito Faure. Cargador USB para teléfonos y tablets. Funciona como repisa. Perfecto para habitaciones de hogares y hoteles.
