{"id":241903,"date":"2018-03-27T16:40:09","date_gmt":"2018-03-27T14:40:09","guid":{"rendered":"https:\/\/nueva.ledsolintel.com\/product\/lampara-colgante-helga-de-faro\/"},"modified":"2018-03-27T16:40:09","modified_gmt":"2018-03-27T14:40:09","slug":"lampe-suspendue-phare-helga","status":"publish","type":"product","link":"https:\/\/ledsolintel.com\/fr\/produit-2\/lampe-suspendue-phare-helga\/","title":{"rendered":"Lampe pendante HELGA par Faro Barcelona"},"content":{"rendered":"<h3>Caract\u00e9ristiques :<\/h3>\n<ul>\n<li>En m\u00e9tal avec abat-jour en cuir<\/li>\n<li>Puissance : 5W<\/li>\n<li>Tension : 100-240V<\/li>\n<li>Fr\u00e9quence : 50\/60 Hz<\/li>\n<li>Luminosit\u00e9 : 440 lumens<\/li>\n<li>Temp\u00e9rature de couleur : 3000K<\/li>\n<li>Angle d'ouverture : 60\u00ba Angle d'ouverture : 60\u00ba Angle d'ouverture : 60\u00ba Angle d'ouverture : 60\u00ba Angle d'ouverture : 60<\/li>\n<li>IRC &gt; 80<\/li>\n<li>Finition :\u00a0\n<ul>\n<li>Bleu<\/li>\n<li>Rosa<\/li>\n<li>Marron<\/li>\n<li>Noir<\/li>\n<\/ul>\n<\/li>\n<li>Dimensions (mm) :\n<ul>\n<li>Largeur : 200<\/li>\n<li>Hauteur : 2300<\/li>\n<\/ul>\n<\/li>\n<li>Poids : 0,12 kg<\/li>\n<\/ul>","protected":false},"excerpt":{"rendered":"<p>Avec son abat-jour en cuir disponible en 4 couleurs et sa forme de fleur, la lampe suspendue Helga de Faro est un accessoire joyeux qui apporte une touche de vitalit\u00e9 aux salons et aux chambres \u00e0 coucher sans perdre en \u00e9l\u00e9gance.<\/p>","protected":false},"featured_media":241897,"template":"","meta":[],"product_brand":[99359],"product_cat":[99883],"product_tag":[],"class_list":{"0":"post-241903","1":"product","2":"type-product","3":"status-publish","4":"has-post-thumbnail","6":"product_brand-faro-barcelona","7":"product_cat-apliques-y-lamparas-de-techo","8":"pa_acabado-azul","9":"pa_acabado-marron","10":"pa_acabado-negro","11":"pa_acabado-rosa","14":"instock","15":"taxable","16":"shipping-taxable","17":"purchasable","18":"product-type-variable","19":"has-default-attributes"},"yoast_head":"<!-- This site is optimized with the Yoast SEO plugin v27.4 - https:\/\/yoast.com\/product\/yoast-seo-wordpress\/ -->\n<title>L\u00e1mpara colgante HELGA de Faro Barcelona<\/title>\n<meta name=\"description\" content=\"L\u00e1mpara colgante Helga de Faro Barcelona. Pantalla de piel disponible en 4 colores y forma de flor. Complemento alegre que da vitalidad a salones y dormitorios\" \/>\n<meta name=\"robots\" content=\"index, follow, max-snippet:-1, max-image-preview:large, max-video-preview:-1\" \/>\n<link rel=\"canonical\" href=\"https:\/\/ledsolintel.com\/fr\/produit-2\/lampe-suspendue-phare-helga\/\" \/>\n<meta property=\"og:locale\" content=\"fr_FR\" \/>\n<meta property=\"og:type\" content=\"article\" \/>\n<meta property=\"og:title\" content=\"L\u00e1mpara colgante HELGA de Faro Barcelona\" \/>\n<meta property=\"og:description\" content=\"L\u00e1mpara colgante Helga de Faro Barcelona. Pantalla de piel disponible en 4 colores y forma de flor. Complemento alegre que da vitalidad a salones y dormitorios\" \/>\n<meta property=\"og:url\" content=\"https:\/\/ledsolintel.com\/fr\/produit-2\/lampe-suspendue-phare-helga\/\" \/>\n<meta property=\"og:site_name\" content=\"Ledsolintel\" \/>\n<meta property=\"article:publisher\" content=\"http:\/\/www.facebook.com\/webmenaje\" \/>\n<meta property=\"og:image\" content=\"https:\/\/ledsolintel.com\/wp-content\/uploads\/2018\/03\/7774-Lampara-colgante-HELGA-de-Faro.jpg\" \/>\n\t<meta property=\"og:image:width\" content=\"1\" \/>\n\t<meta property=\"og:image:height\" content=\"1\" \/>\n\t<meta property=\"og:image:type\" content=\"image\/jpeg\" \/>\n<meta name=\"twitter:card\" content=\"summary_large_image\" \/>\n<meta name=\"twitter:site\" content=\"@webmenaje\" \/>\n<script type=\"application\/ld+json\" class=\"yoast-schema-graph\">{\"@context\":\"https:\\\/\\\/schema.org\",\"@graph\":[{\"@type\":\"WebPage\",\"@id\":\"https:\\\/\\\/ledsolintel.com\\\/product\\\/lampara-colgante-helga-de-faro\\\/\",\"url\":\"https:\\\/\\\/ledsolintel.com\\\/product\\\/lampara-colgante-helga-de-faro\\\/\",\"name\":\"L\u00e1mpara colgante HELGA de Faro Barcelona\",\"isPartOf\":{\"@id\":\"https:\\\/\\\/ledsolintel.com\\\/#website\"},\"primaryImageOfPage\":{\"@id\":\"https:\\\/\\\/ledsolintel.com\\\/product\\\/lampara-colgante-helga-de-faro\\\/#primaryimage\"},\"image\":{\"@id\":\"https:\\\/\\\/ledsolintel.com\\\/product\\\/lampara-colgante-helga-de-faro\\\/#primaryimage\"},\"thumbnailUrl\":\"https:\\\/\\\/ledsolintel.com\\\/wp-content\\\/uploads\\\/2018\\\/03\\\/7774-Lampara-colgante-HELGA-de-Faro.jpg\",\"datePublished\":\"2018-03-27T14:40:09+00:00\",\"description\":\"L\u00e1mpara colgante Helga de Faro Barcelona. Pantalla de piel disponible en 4 colores y forma de flor. Complemento alegre que da vitalidad a salones y dormitorios\",\"breadcrumb\":{\"@id\":\"https:\\\/\\\/ledsolintel.com\\\/product\\\/lampara-colgante-helga-de-faro\\\/#breadcrumb\"},\"inLanguage\":\"fr-FR\",\"potentialAction\":[{\"@type\":\"ReadAction\",\"target\":[\"https:\\\/\\\/ledsolintel.com\\\/product\\\/lampara-colgante-helga-de-faro\\\/\"]}]},{\"@type\":\"ImageObject\",\"inLanguage\":\"fr-FR\",\"@id\":\"https:\\\/\\\/ledsolintel.com\\\/product\\\/lampara-colgante-helga-de-faro\\\/#primaryimage\",\"url\":\"https:\\\/\\\/ledsolintel.com\\\/wp-content\\\/uploads\\\/2018\\\/03\\\/7774-Lampara-colgante-HELGA-de-Faro.jpg\",\"contentUrl\":\"https:\\\/\\\/ledsolintel.com\\\/wp-content\\\/uploads\\\/2018\\\/03\\\/7774-Lampara-colgante-HELGA-de-Faro.jpg\",\"caption\":\"L\u00e1mpara colgante HELGA de Faro\"},{\"@type\":\"BreadcrumbList\",\"@id\":\"https:\\\/\\\/ledsolintel.com\\\/product\\\/lampara-colgante-helga-de-faro\\\/#breadcrumb\",\"itemListElement\":[{\"@type\":\"ListItem\",\"position\":1,\"name\":\"Portada\",\"item\":\"https:\\\/\\\/ledsolintel.com\\\/fr\\\/\"},{\"@type\":\"ListItem\",\"position\":2,\"name\":\"Tienda\",\"item\":\"https:\\\/\\\/ledsolintel.com\\\/tienda\\\/\"},{\"@type\":\"ListItem\",\"position\":3,\"name\":\"L\u00e1mpara colgante HELGA de Faro Barcelona\"}]},{\"@type\":\"WebSite\",\"@id\":\"https:\\\/\\\/ledsolintel.com\\\/#website\",\"url\":\"https:\\\/\\\/ledsolintel.com\\\/\",\"name\":\"Webmenaje\",\"description\":\"Tienda de bombillas y l\u00e1mparas LED para profesionales\",\"publisher\":{\"@id\":\"https:\\\/\\\/ledsolintel.com\\\/#organization\"},\"potentialAction\":[{\"@type\":\"SearchAction\",\"target\":{\"@type\":\"EntryPoint\",\"urlTemplate\":\"https:\\\/\\\/ledsolintel.com\\\/?s={search_term_string}\"},\"query-input\":{\"@type\":\"PropertyValueSpecification\",\"valueRequired\":true,\"valueName\":\"search_term_string\"}}],\"inLanguage\":\"fr-FR\"},{\"@type\":\"Organization\",\"@id\":\"https:\\\/\\\/ledsolintel.com\\\/#organization\",\"name\":\"Solintel Noroeste, S.L.\",\"url\":\"https:\\\/\\\/ledsolintel.com\\\/\",\"logo\":{\"@type\":\"ImageObject\",\"inLanguage\":\"fr-FR\",\"@id\":\"https:\\\/\\\/ledsolintel.com\\\/#\\\/schema\\\/logo\\\/image\\\/\",\"url\":\"https:\\\/\\\/ledsolintel.com\\\/wp-content\\\/uploads\\\/2024\\\/11\\\/webmenaje-logo-1508269066.jpg\",\"contentUrl\":\"https:\\\/\\\/ledsolintel.com\\\/wp-content\\\/uploads\\\/2024\\\/11\\\/webmenaje-logo-1508269066.jpg\",\"width\":370,\"height\":90,\"caption\":\"Solintel Noroeste, S.L.\"},\"image\":{\"@id\":\"https:\\\/\\\/ledsolintel.com\\\/#\\\/schema\\\/logo\\\/image\\\/\"},\"sameAs\":[\"http:\\\/\\\/www.facebook.com\\\/webmenaje\",\"https:\\\/\\\/x.com\\\/webmenaje\",\"https:\\\/\\\/www.youtube.com\\\/channel\\\/UCX2KoVoeCG4LocZjUc6LmSQ\",\"http:\\\/\\\/www.pinterest.com\\\/webmenaje\"]}]}<\/script>\n<!-- \/ Yoast SEO plugin. -->","yoast_head_json":{"title":"Lampe pendante HELGA par Faro Barcelona","description":"Lampe suspendue Helga par Faro Barcelona. Abat-jour en cuir disponible en 4 couleurs et en forme de fleur. Un compl\u00e9ment joyeux qui donne de la vitalit\u00e9 aux salons et aux chambres \u00e0 coucher.","robots":{"index":"index","follow":"follow","max-snippet":"max-snippet:-1","max-image-preview":"max-image-preview:large","max-video-preview":"max-video-preview:-1"},"canonical":"https:\/\/ledsolintel.com\/fr\/produit-2\/lampe-suspendue-phare-helga\/","og_locale":"fr_FR","og_type":"article","og_title":"L\u00e1mpara colgante HELGA de Faro Barcelona","og_description":"L\u00e1mpara colgante Helga de Faro Barcelona. Pantalla de piel disponible en 4 colores y forma de flor. Complemento alegre que da vitalidad a salones y dormitorios","og_url":"https:\/\/ledsolintel.com\/fr\/produit-2\/lampe-suspendue-phare-helga\/","og_site_name":"Ledsolintel","article_publisher":"http:\/\/www.facebook.com\/webmenaje","og_image":[{"url":"https:\/\/ledsolintel.com\/wp-content\/uploads\/2018\/03\/7774-Lampara-colgante-HELGA-de-Faro.jpg","width":1,"height":1,"type":"image\/jpeg"}],"twitter_card":"summary_large_image","twitter_site":"@webmenaje","schema":{"@context":"https:\/\/schema.org","@graph":[{"@type":"WebPage","@id":"https:\/\/ledsolintel.com\/product\/lampara-colgante-helga-de-faro\/","url":"https:\/\/ledsolintel.com\/product\/lampara-colgante-helga-de-faro\/","name":"Lampe pendante HELGA par Faro Barcelona","isPartOf":{"@id":"https:\/\/ledsolintel.com\/#website"},"primaryImageOfPage":{"@id":"https:\/\/ledsolintel.com\/product\/lampara-colgante-helga-de-faro\/#primaryimage"},"image":{"@id":"https:\/\/ledsolintel.com\/product\/lampara-colgante-helga-de-faro\/#primaryimage"},"thumbnailUrl":"https:\/\/ledsolintel.com\/wp-content\/uploads\/2018\/03\/7774-Lampara-colgante-HELGA-de-Faro.jpg","datePublished":"2018-03-27T14:40:09+00:00","description":"Lampe suspendue Helga par Faro Barcelona. Abat-jour en cuir disponible en 4 couleurs et en forme de fleur. Un compl\u00e9ment joyeux qui donne de la vitalit\u00e9 aux salons et aux chambres \u00e0 coucher.","breadcrumb":{"@id":"https:\/\/ledsolintel.com\/product\/lampara-colgante-helga-de-faro\/#breadcrumb"},"inLanguage":"fr-FR","potentialAction":[{"@type":"ReadAction","target":["https:\/\/ledsolintel.com\/product\/lampara-colgante-helga-de-faro\/"]}]},{"@type":"ImageObject","inLanguage":"fr-FR","@id":"https:\/\/ledsolintel.com\/product\/lampara-colgante-helga-de-faro\/#primaryimage","url":"https:\/\/ledsolintel.com\/wp-content\/uploads\/2018\/03\/7774-Lampara-colgante-HELGA-de-Faro.jpg","contentUrl":"https:\/\/ledsolintel.com\/wp-content\/uploads\/2018\/03\/7774-Lampara-colgante-HELGA-de-Faro.jpg","caption":"L\u00e1mpara colgante HELGA de Faro"},{"@type":"BreadcrumbList","@id":"https:\/\/ledsolintel.com\/product\/lampara-colgante-helga-de-faro\/#breadcrumb","itemListElement":[{"@type":"ListItem","position":1,"name":"Portada","item":"https:\/\/ledsolintel.com\/fr\/"},{"@type":"ListItem","position":2,"name":"Tienda","item":"https:\/\/ledsolintel.com\/tienda\/"},{"@type":"ListItem","position":3,"name":"L\u00e1mpara colgante HELGA de Faro Barcelona"}]},{"@type":"WebSite","@id":"https:\/\/ledsolintel.com\/#website","url":"https:\/\/ledsolintel.com\/","name":"Webmenaje","description":"Magasin d'ampoules et de lampes LED pour les professionnels","publisher":{"@id":"https:\/\/ledsolintel.com\/#organization"},"potentialAction":[{"@type":"SearchAction","target":{"@type":"EntryPoint","urlTemplate":"https:\/\/ledsolintel.com\/?s={search_term_string}"},"query-input":{"@type":"PropertyValueSpecification","valueRequired":true,"valueName":"search_term_string"}}],"inLanguage":"fr-FR"},{"@type":"Organization","@id":"https:\/\/ledsolintel.com\/#organization","name":"Solintel Noroeste, S.L.","url":"https:\/\/ledsolintel.com\/","logo":{"@type":"ImageObject","inLanguage":"fr-FR","@id":"https:\/\/ledsolintel.com\/#\/schema\/logo\/image\/","url":"https:\/\/ledsolintel.com\/wp-content\/uploads\/2024\/11\/webmenaje-logo-1508269066.jpg","contentUrl":"https:\/\/ledsolintel.com\/wp-content\/uploads\/2024\/11\/webmenaje-logo-1508269066.jpg","width":370,"height":90,"caption":"Solintel Noroeste, S.L."},"image":{"@id":"https:\/\/ledsolintel.com\/#\/schema\/logo\/image\/"},"sameAs":["http:\/\/www.facebook.com\/webmenaje","https:\/\/x.com\/webmenaje","https:\/\/www.youtube.com\/channel\/UCX2KoVoeCG4LocZjUc6LmSQ","http:\/\/www.pinterest.com\/webmenaje"]}]}},"_links":{"self":[{"href":"https:\/\/ledsolintel.com\/fr\/wp-json\/wp\/v2\/product\/241903","targetHints":{"allow":["GET"]}}],"collection":[{"href":"https:\/\/ledsolintel.com\/fr\/wp-json\/wp\/v2\/product"}],"about":[{"href":"https:\/\/ledsolintel.com\/fr\/wp-json\/wp\/v2\/types\/product"}],"version-history":[{"count":0,"href":"https:\/\/ledsolintel.com\/fr\/wp-json\/wp\/v2\/product\/241903\/revisions"}],"wp:featuredmedia":[{"embeddable":true,"href":"https:\/\/ledsolintel.com\/fr\/wp-json\/wp\/v2\/media\/241897"}],"wp:attachment":[{"href":"https:\/\/ledsolintel.com\/fr\/wp-json\/wp\/v2\/media?parent=241903"}],"wp:term":[{"taxonomy":"product_brand","embeddable":true,"href":"https:\/\/ledsolintel.com\/fr\/wp-json\/wp\/v2\/product_brand?post=241903"},{"taxonomy":"product_cat","embeddable":true,"href":"https:\/\/ledsolintel.com\/fr\/wp-json\/wp\/v2\/product_cat?post=241903"},{"taxonomy":"product_tag","embeddable":true,"href":"https:\/\/ledsolintel.com\/fr\/wp-json\/wp\/v2\/product_tag?post=241903"}],"curies":[{"name":"wp","href":"https:\/\/api.w.org\/{rel}","templated":true}]}}

<h3>Caractéristiques :</h3>
<ul>
<li>En métal avec abat-jour en cuir</li>
<li>Puissance : 5W</li>
<li>Tension : 100-240V</li>
<li>Fréquence : 50/60 Hz</li>
<li>Luminosité : 440 lumens</li>
<li>Température de couleur : 3000K</li>
<li>Angle d'ouverture : 60º Angle d'ouverture : 60º Angle d'ouverture : 60º Angle d'ouverture : 60º Angle d'ouverture : 60</li>
<li>IRC &gt; 80</li>
<li>Finition : 
<ul>
<li>Bleu</li>
<li>Rosa</li>
<li>Marron</li>
<li>Noir</li>
</ul>
</li>
<li>Dimensions (mm) :
<ul>
<li>Largeur : 200</li>
<li>Hauteur : 2300</li>
</ul>
</li>
<li>Poids : 0,12 kg</li>
</ul>

<p>Avec son abat-jour en cuir disponible en 4 couleurs et sa forme de fleur, la lampe suspendue Helga de Faro est un accessoire joyeux qui apporte une touche de vitalité aux salons et aux chambres à coucher sans perdre en élégance.</p>

<!-- This site is optimized with the Yoast SEO plugin v27.4 - https://yoast.com/product/yoast-seo-wordpress/ -->
<title>Lámpara colgante HELGA de Faro Barcelona</title>
<meta name="description" content="Lámpara colgante Helga de Faro Barcelona. Pantalla de piel disponible en 4 colores y forma de flor. Complemento alegre que da vitalidad a salones y dormitorios" />
<meta name="robots" content="index, follow, max-snippet:-1, max-image-preview:large, max-video-preview:-1" />
<link rel="canonical" href="https://ledsolintel.com/fr/produit-2/lampe-suspendue-phare-helga/" />
<meta property="og:locale" content="fr_FR" />
<meta property="og:type" content="article" />
<meta property="og:title" content="Lámpara colgante HELGA de Faro Barcelona" />
<meta property="og:description" content="Lámpara colgante Helga de Faro Barcelona. Pantalla de piel disponible en 4 colores y forma de flor. Complemento alegre que da vitalidad a salones y dormitorios" />
<meta property="og:url" content="https://ledsolintel.com/fr/produit-2/lampe-suspendue-phare-helga/" />
<meta property="og:site_name" content="Ledsolintel" />
<meta property="article:publisher" content="http://www.facebook.com/webmenaje" />
<meta property="og:image" content="https://ledsolintel.com/wp-content/uploads/2018/03/7774-Lampara-colgante-HELGA-de-Faro.jpg" />
	<meta property="og:image:width" content="1" />
	<meta property="og:image:height" content="1" />
	<meta property="og:image:type" content="image/jpeg" />
<meta name="twitter:card" content="summary_large_image" />
<meta name="twitter:site" content="@webmenaje" />
<script type="application/ld+json" class="yoast-schema-graph">{"@context":"https:\/\/schema.org","@graph":[{"@type":"WebPage","@id":"https:\/\/ledsolintel.com\/product\/lampara-colgante-helga-de-faro\/","url":"https:\/\/ledsolintel.com\/product\/lampara-colgante-helga-de-faro\/","name":"Lámpara colgante HELGA de Faro Barcelona","isPartOf":{"@id":"https:\/\/ledsolintel.com\/#website"},"primaryImageOfPage":{"@id":"https:\/\/ledsolintel.com\/product\/lampara-colgante-helga-de-faro\/#primaryimage"},"image":{"@id":"https:\/\/ledsolintel.com\/product\/lampara-colgante-helga-de-faro\/#primaryimage"},"thumbnailUrl":"https:\/\/ledsolintel.com\/wp-content\/uploads\/2018\/03\/7774-Lampara-colgante-HELGA-de-Faro.jpg","datePublished":"2018-03-27T14:40:09+00:00","description":"Lámpara colgante Helga de Faro Barcelona. Pantalla de piel disponible en 4 colores y forma de flor. Complemento alegre que da vitalidad a salones y dormitorios","breadcrumb":{"@id":"https:\/\/ledsolintel.com\/product\/lampara-colgante-helga-de-faro\/#breadcrumb"},"inLanguage":"fr-FR","potentialAction":[{"@type":"ReadAction","target":["https:\/\/ledsolintel.com\/product\/lampara-colgante-helga-de-faro\/"]}]},{"@type":"ImageObject","inLanguage":"fr-FR","@id":"https:\/\/ledsolintel.com\/product\/lampara-colgante-helga-de-faro\/#primaryimage","url":"https:\/\/ledsolintel.com\/wp-content\/uploads\/2018\/03\/7774-Lampara-colgante-HELGA-de-Faro.jpg","contentUrl":"https:\/\/ledsolintel.com\/wp-content\/uploads\/2018\/03\/7774-Lampara-colgante-HELGA-de-Faro.jpg","caption":"Lámpara colgante HELGA de Faro"},{"@type":"BreadcrumbList","@id":"https:\/\/ledsolintel.com\/product\/lampara-colgante-helga-de-faro\/#breadcrumb","itemListElement":[{"@type":"ListItem","position":1,"name":"Portada","item":"https:\/\/ledsolintel.com\/fr\/"},{"@type":"ListItem","position":2,"name":"Tienda","item":"https:\/\/ledsolintel.com\/tienda\/"},{"@type":"ListItem","position":3,"name":"Lámpara colgante HELGA de Faro Barcelona"}]},{"@type":"WebSite","@id":"https:\/\/ledsolintel.com\/#website","url":"https:\/\/ledsolintel.com\/","name":"Webmenaje","description":"Tienda de bombillas y lámparas LED para profesionales","publisher":{"@id":"https:\/\/ledsolintel.com\/#organization"},"potentialAction":[{"@type":"SearchAction","target":{"@type":"EntryPoint","urlTemplate":"https:\/\/ledsolintel.com\/?s={search_term_string}"},"query-input":{"@type":"PropertyValueSpecification","valueRequired":true,"valueName":"search_term_string"}}],"inLanguage":"fr-FR"},{"@type":"Organization","@id":"https:\/\/ledsolintel.com\/#organization","name":"Solintel Noroeste, S.L.","url":"https:\/\/ledsolintel.com\/","logo":{"@type":"ImageObject","inLanguage":"fr-FR","@id":"https:\/\/ledsolintel.com\/#\/schema\/logo\/image\/","url":"https:\/\/ledsolintel.com\/wp-content\/uploads\/2024\/11\/webmenaje-logo-1508269066.jpg","contentUrl":"https:\/\/ledsolintel.com\/wp-content\/uploads\/2024\/11\/webmenaje-logo-1508269066.jpg","width":370,"height":90,"caption":"Solintel Noroeste, S.L."},"image":{"@id":"https:\/\/ledsolintel.com\/#\/schema\/logo\/image\/"},"sameAs":["http:\/\/www.facebook.com\/webmenaje","https:\/\/x.com\/webmenaje","https:\/\/www.youtube.com\/channel\/UCX2KoVoeCG4LocZjUc6LmSQ","http:\/\/www.pinterest.com\/webmenaje"]}]}</script>
<!-- / Yoast SEO plugin. -->

Lampe suspendue Helga par Faro Barcelona. Abat-jour en cuir disponible en 4 couleurs et en forme de fleur. Un complément joyeux qui donne de la vitalité aux salons et aux chambres à coucher.

Lámpara colgante HELGA de Faro Barcelona

Lámpara colgante Helga de Faro Barcelona. Pantalla de piel disponible en 4 colores y forma de flor. Complemento alegre que da vitalidad a salones y dormitorios

Lámpara colgante HELGA de Faro
